1. Let s(t) = 712*t + 5010. Let m be s(-7). Give o(m).
9
Let a be 1150/(-138) + (-8)/(-36)*-12 + 4. Let j(o) be the third derivative of -o**4/4 - 7*o**3/6 - 2*o**2. What is j(a)?
35
Let u(i) = 12*i**3 - 2*i. Let d(j) = -5*j**3 + j. Let p(c) = 7*d(c) + 3*u(c). Let z(y) = 5*y**3 + 15*y**2 + 3*y - 9. Let w(h) = -4*p(h) + z(h). What is w(-15)?
6
Let l = 701 - 698. Suppose 27*i = c + 32*i - 26, -7 = l*c - 2*i. Let s(o) = 4*o**3 + o**2 - o + 1. Calculate s(c).
5
Let j(z) = 6*z + 55. Let p(t) = -10*t - 110. Let r(u) = 9*j(u) + 5*p(u). What is r(13)?
-3
Let r(o) = -o**3 + 18*o**2 - 20*o - 23. Let h be r(17). Let z = 84 + h. Let t(f) = -4*f - 5*f**3 + z*f**3 + 8*f**2 - 7 - 6*f**3 + 12*f. Give t(9).
-16
Let l(z) = z - 1. Let a(t) = t - 5. Let s be 3 - (3 - (0 + 8)). Let j be a(s). Let y be (-3)/(-2*(j + (-36)/16)). Calculate l(y).
1
Let m be (16/56*7/(-3))/((-1)/(-15)). Let k(d) = -d**3 - 13*d**2 - 27*d + 33. What is k(m)?
3
Let h(z) = z**2 - 7*z + 6. Suppose 4*g - x - 8 - 7 = 0, -21 = -5*g - x. Suppose g*s - 26 = -2*w - 4, -4*w - 5*s = -32. Determine h(w).
-6
Suppose -3 - 51 = -18*d. Let q(s) = 76 - s**2 - 4*s**2 - 72 + 4*s - s**d. Give q(-5).
-16
Suppose 13 = 47*d - 52*d + 4*l, 3*d = -4*l + 5. Let u(f) = -16*f**2 - f - 1. Calculate u(d).
-16
Let k = -119087 + 119074. Let d(a) = a + 4*a + 9*a + a**2 - a - 8. Determine d(k).
-8
Suppose -5 = -2*k + 5*u, -3*k + 4*u - 6*u = -17. Let z(r) = -r**2 + 9*r - 25. Calculate z(k).
-5
Let j(k) = -2*k**3 + 11 - 2*k + 4*k**2 + 2*k**2 - 6*k**3 + 4*k. Let y(d) = -7*d**3 + 5*d**2 + 2*d + 10. Let p(u) = 6*j(u) - 7*y(u). Give p(-3).
-16
Suppose 6*n - 5*n = -4*r + 9, -5*n - 3*r + 62 = 0. Let d(o) = o - 8. Determine d(n).
5
Let h(l) = -9*l + 1. Suppose -2*z + 5*z - 9 = 0. Let x(m) = -3*m + 2*m - 2 + z*m - 15. Let s be x(8). What is h(s)?
10
Let m(a) be the first derivative of 98 - 12*a + 1/3*a**3 + 3/2*a**2. Calculate m(-5).
-2
Let r(l) = 59 + 0*l - 55 - 7*l. Let k = 11388 - 11384. Determine r(k).
-24
Let y(r) = -2 - r + 8 + 4 + 2*r. Let h be 1 + -15 - (16 + -34 + 11). Determine y(h).
3
Let k(t) = -236 - 255 - t - 243 + 712. Calculate k(-16).
-6
Let p(b) = 13*b + 7*b**2 + 9 - 5*b**3 - 6*b + 4*b**3. Suppose 218*w = 222*w + s - 20, -5*s - 76 = -2*w. Determine p(w).
1
Let n(m) = -7*m**3 + 49*m**2 - 168*m - 28. Let q(r) = r**3 - 3*r**2 + 4. Let a(t) = n(t) + 6*q(t). Determine a(7).
-4
Let d be 1/(-20) + (4*1 - (-174)/(-45)). Let k(b) be the third derivative of 0*b - 16*b**2 + 0 - d*b**4 + 1/6*b**3. Determine k(-8).
17
Let z(g) = -g**2 + 22*g + 1450. Let w be z(51). Let t(y) = -10*y - 295. What is t(w)?
-5
Let m(y) be the second derivative of -y**4/12 - y**3/2 - 13*y**2/2 + 7*y - 2. Let q(r) be the first derivative of m(r). What is q(3)?
-9
Let s(z) be the first derivative of -z**3/3 + 7*z**2/2 + 41*z + 14653. Determine s(6).
47
Let r(c) be the second derivative of 1/20*c**5 - 1 - 7/3*c**3 + 4*c - 13/12*c**4 + 1/2*c**2. What is r(14)?
1
Let s(k) be the second derivative of 1/12*k**4 + 0*k**3 - 8*k + 0 + 10*k**2. Let a(y) be the first derivative of s(y). What is a(7)?
14
Let o(n) = 2*n**3 - 16*n**2 + 20*n - 26. Let t(y) = -y**3 + 8*y**2 - 10*y + 14. Let b(q) = 2*o(q) + 5*t(q). Let h be b(7). Let s(r) = -3*r - 3. Calculate s(h).
6
Let d(z) = 5*z**2 - 2*z**3 - 6 - 2*z**2 + 2*z + 3*z**3 + 2*z**2. Suppose 5*y + 41 = 16. What is d(y)?
-16
Let z = -6450 - -6456. Let d(p) = p**3 + 43*p + 4*p**2 - 10*p**2 - 43*p - 7. What is d(z)?
-7
Let t(c) be the third derivative of -c**5/60 - c**4/12 - c**3/3 + c**2. Let d = 60 + -65. Let y be (568/40 - 15)/((-2)/d). What is t(y)?
-2
Suppose 3*m + 4 - 6 = -4*h, -3*h - 2*m = -2. Let f(q) = -26*q + 0*q + 2*q + 5 + 0*q + 20*q. What is f(h)?
-3
Let v(c) be the first derivative of c**3/3 + 7*c**2/2 - 1912. Calculate v(-8).
8
Let s(b) = 26*b + 1. Suppose -33*z + 30*z = 0. Suppose -5*j + 11 = -o, -4*j = -z*o - 2*o - 4. Suppose -2 - j = -5*d. Determine s(d).
27
Let p(h) be the third derivative of h**4/24 + 37*h**3/6 + 4*h**2 + 60*h. Calculate p(-7).
30
Let x(i) be the second derivative of i**4/6 + i**2 - 8*i + 11. Let h = 12 + -10. Suppose -9 = h*d + p, -1 = 4*d + p + 12. What is x(d)?
10
Suppose 2*f + 132 = -3*j, -5*j - 3*f - 2*f = 220. Let g = -44 - j. Suppose -12*u - 8 - 4 = g. Let k(v) = -8*v**2 - v. Calculate k(u).
-7
Let o(x) = x**3 - x**2 + 2*x. Let y be (4/(-14))/(3/(-21)). Suppose t + t = -2*d - 8, y*t = 2*d. Give o(t).
-16
Let z(y) = 3*y + 60. Let o be z(-19). Suppose o*b - 39 = -3*n, -2*b + 5 + 47 = 4*n. Let i = 13 - n. Let v(g) = g - 12. Give v(i).
-12
Let i(q) = q**2 - 20*q + 57. Suppose 4*f + 2*l = 70, f - 17*l = -16*l + 13. Determine i(f).
-7
Suppose 0 = -3*z - 2*g + 6*g + 12, -3*z = 2*g - 12. Let y be 3 + (z + -5)*(-1 - 2). Let o(k) = 6 - 2*k + 5*k**2 - 6*k - 4*k**2. What is o(y)?
-6
Suppose -4*j = 4*z - 24, 50 = 5*z - 0*z - 5*j. Suppose g + z = 2*g. Suppose 2*l - 2 = 3*c - c, -2*l + 5*c + g = 0. Let k(p) = 2*p**2 - p - 1. Calculate k(l).
2
Let r(x) = -x**3 + 8*x**2 + 10*x. Let g(o) = -2*o**3 + 2*o**2 + o + 5. Let a be g(0). Let j be (a + -1)/(-1) - -13. What is r(j)?
9
Let x(l) = 7*l + 1. Let a be (2 + (0 - -1))*15/9. Suppose a*r + 7 - 82 = 0. Let p = r - 16. Determine x(p).
-6
Let i(m) = 7*m**2 - 19*m - 71. Let k(b) = -7*b**2 + 22*b + 70. Let f(d) = -7*i(d) - 6*k(d). Let v(l) be the first derivative of f(l). What is v(-3)?
43
Let j(p) = -p**2 - 6*p. Let y(v) = -3*v**2 + 27*v + 111. Let t be y(-3). Determine j(t).
-27
Suppose 5*q + 15 = 5*f, 0 = 4*f + q - 16 - 1. Let t(a) = 15*a - 28. Let x be t(f). Let o be (x/(-8))/(1/1). Let s(y) = y**2 + 2*y - 2. Calculate s(o).
6
Let j(z) = -4*z - 14. Let v be j(-4). Let h(p) = 216*p - 221*p - v + 2 - 3. What is h(-2)?
7
Suppose 4*s + 4*v = -s - 15, -4 = -3*s - 5*v. Suppose -i + 5*o = 3*i - 14, 4*i = 3*o + 18. Let r(n) = 4 - i + 0*n - n + 7. Determine r(s).
12
Let n(i) = 123 - 245 - 8*i + 93. What is n(-4)?
3
Let k(d) = -d**2 - 15*d + 7. Let c be (-1408)/(-20) + -3*2/15. Suppose -3*y - 2*a - c = y, 0 = -y - 2*a - 25. Determine k(y).
7
Let k(l) be the second derivative of l**4/6 - 5*l**3/3 + 3*l**2 + 4*l. Suppose -20*p + 22*p - 24 = -2*f, 6 = 3*p - 2*f. What is k(p)?
18
Let x(f) = -2*f**3 + 7*f**2 - 10*f + 7. Let n(d) = -5*d**3 + 14*d**2 - 24*d + 14. Let l(c) = 3*n(c) - 7*x(c). Calculate l(-6).
-31
Let y be (-6)/(-12) - (1/(-2) - -1). Let d(a) = -5*a**2 - 3*a - 7. Let f(w) = w - 27*w**2 + 48*w**2 + 1 - 20*w**2. Let t(j) = -d(j) - 4*f(j). What is t(y)?
3
Let q(p) = 2*p**3 - 6*p**2 - 8*p + 4. Let z be q(4). Let i(t) = 19 + 4*t - 20 - z*t + t. What is i(-7)?
-8
Let c be 4*3/12 + 17. Suppose -k - 4*o = 3, -3*k + 5 + c = -4*o. Suppose -4 = 3*y - 4*n, -2*n + 37 = k*y + 9. Let u(l) = l**3 - 4*l**2 - 3*l + 2. Give u(y).
-10
Let m(r) be the first derivative of 3*r**2 - 1. Let p(q) = -648*q + 10370. Let k be p(16). Give m(k).
12
Let l(n) = 0*n**3 - 3*n**3 - 3*n - 2*n**2 - 3*n**3. Let w be (21 - 17)*(-4 - (-42)/12). What is l(w)?
46
Let b(f) = 3*f - 25. Let u be b(13). Let y = -7 + u. Let j(s) = -7*s - 7. Let r(z) = 22*z + 21. Let w(n) = y*j(n) + 2*r(n). Calculate w(-6).
23
Let i(j) be the second derivative of -1/2*j**2 - 45*j + 0 - 19/6*j**3. Calculate i(1).
-20
Let j = 19894 - 19887. Let o(u) be the first derivative of -j + 8*u - 3/2*u**2. Determine o(6).
-10
Let x(c) = 6*c + 15. Let z(m) = -5*m - 15. Let r(a) = -6*x(a) - 7*z(a). Let j be (37 + -61)*2/4. Let v be (-168)/16*(j/(-9) - 2). Determine r(v).
8
Let n(z) = 2*z + 44. Suppose 4*i + 74*i = 780. Give n(i).
64
Let q(w) = -7*w + 11. Let f(v) = -16*v + 17. Let m(o) = 2*f(o) - 3*q(o). Give m(-2).
23
Let d(t) = -t**2 - 3*t + 4. Suppose 5*y - 3*o - 40 = -17, -3*y = -5*o - 17. Suppose -3*n + 4*b - 4 = 0, 8*b - 10 = y*n + 5*b. What is d(n)?
0
Let a(d) = 16*d - 5. Let m be -11*(12 + -9*92/66). What is a(m)?
91
Suppose 0 = -3*d + 6*g + 3, -2*d - 3*g = -10 - 13. Let t = -13 - -15. Let m(c) = c + 3 - 12 - t*c. Calculate m(d).
-16
Let v(g) = 11*g**3 + 24 + 5*g + 6 - 6*g**2 + 5*g**3 - 15*g**3 - 21. What is v(5)?
9
Let t(q) be the third derivative of 0*q - 1/12*q**5 + 1/120*q**6 + 5/6*q**3 - 5/24*q**4 - 2 - 9*q**2. Let f = -15 + 21. Determine t(f).
11
Let r(m) = 6 - 4 - 4*m - 3 - 19. Let c be r(-7). Let i(y) = 9*y - y**3 - c*y - 5*y**2 - 2 + 3. What is i(-4)?
-19
Let v be 205/40 + 1/(-8). Let t(d) = 44*d - 224. Let n 